{"id":276,"date":"2020-08-17T19:18:07","date_gmt":"2020-08-17T19:18:07","guid":{"rendered":"http:\/\/revista.edsonolimpio.com.br\/wordpress\/?page_id=276"},"modified":"2020-08-17T19:26:45","modified_gmt":"2020-08-17T19:26:45","slug":"elementor-276","status":"publish","type":"page","link":"https:\/\/revista.edsonolimpio.com.br\/wordpress\/index.php\/elementor-276\/","title":{"rendered":"Elementor #276"},"content":{"rendered":"<h2>CR\u00d4NICAS<br \/>\n&amp;<br \/>\nAGUDAS!<\/h2>\n<p><a href=\"https:\/\/www.facebook.com\/profile.php?id=100005539369435\" target=\"_blank\" rel=\"noopener noreferrer\"><br \/>\nFacebook-f<br \/>\n<\/a><br \/>\n<a target=\"_blank\" rel=\"noopener noreferrer\"><br \/>\nTwitter<br \/>\n<\/a><br \/>\n<a target=\"_blank\" rel=\"noopener noreferrer\"><br \/>\nGoogle-plus-g<br \/>\n<\/a><br \/>\n<a href=\"http:\/\/edsolimpio@hotmail.com\" target=\"_blank\" rel=\"noopener noreferrer\"><br \/>\nEnvelope<br \/>\n<\/a><br \/>\n<img decoding=\"async\" loading=\"lazy\" width=\"580\" height=\"833\" src=\"http:\/\/revista.edsonolimpio.com.br\/wordpress\/wp-content\/uploads\/2020\/08\/1B-Livro-recortado-713x1024.png\" alt=\"\" srcset=\"https:\/\/revista.edsonolimpio.com.br\/wordpress\/wp-content\/uploads\/2020\/08\/1B-Livro-recortado-713x1024.png 713w, https:\/\/revista.edsonolimpio.com.br\/wordpress\/wp-content\/uploads\/2020\/08\/1B-Livro-recortado-209x300.png 209w, https:\/\/revista.edsonolimpio.com.br\/wordpress\/wp-content\/uploads\/2020\/08\/1B-Livro-recortado-768x1102.png 768w, https:\/\/revista.edsonolimpio.com.br\/wordpress\/wp-content\/uploads\/2020\/08\/1B-Livro-recortado-1070x1536.png 1070w, https:\/\/revista.edsonolimpio.com.br\/wordpress\/wp-content\/uploads\/2020\/08\/1B-Livro-recortado-1427x2048.png 1427w, https:\/\/revista.edsonolimpio.com.br\/wordpress\/wp-content\/uploads\/2020\/08\/1B-Livro-recortado-1200x1723.png 1200w, https:\/\/revista.edsonolimpio.com.br\/wordpress\/wp-content\/uploads\/2020\/08\/1B-Livro-recortado-1980x2842.png 1980w\" sizes=\"(max-width: 580px) 100vw, 580px\"><\/p>\n<h3>Cr\u00f4nicas. Contos. Lendas. Colunas de Jornal. Imagens. S\u00e9ries.<\/h3>\n<p><a href=\"http:\/\/www.edsonolimpio.com.br\" role=\"button\"><br \/>\n<\/a><\/p>\n<h6>Cr\u00f4nicas<br \/>\n&amp; PontiAgudas!<\/h6>\n<p><img decoding=\"async\" loading=\"lazy\" width=\"580\" height=\"580\" src=\"http:\/\/revista.edsonolimpio.com.br\/wordpress\/wp-content\/uploads\/2020\/08\/2C-CronicasEPontiagudas_140x210_-CAPA-3D-1-1024x1024.png\" alt=\"\" srcset=\"https:\/\/revista.edsonolimpio.com.br\/wordpress\/wp-content\/uploads\/2020\/08\/2C-CronicasEPontiagudas_140x210_-CAPA-3D-1-1024x1024.png 1024w, https:\/\/revista.edsonolimpio.com.br\/wordpress\/wp-content\/uploads\/2020\/08\/2C-CronicasEPontiagudas_140x210_-CAPA-3D-1-300x300.png 300w, https:\/\/revista.edsonolimpio.com.br\/wordpress\/wp-content\/uploads\/2020\/08\/2C-CronicasEPontiagudas_140x210_-CAPA-3D-1-150x150.png 150w, https:\/\/revista.edsonolimpio.com.br\/wordpress\/wp-content\/uploads\/2020\/08\/2C-CronicasEPontiagudas_140x210_-CAPA-3D-1-768x768.png 768w, https:\/\/revista.edsonolimpio.com.br\/wordpress\/wp-content\/uploads\/2020\/08\/2C-CronicasEPontiagudas_140x210_-CAPA-3D-1-1536x1536.png 1536w, https:\/\/revista.edsonolimpio.com.br\/wordpress\/wp-content\/uploads\/2020\/08\/2C-CronicasEPontiagudas_140x210_-CAPA-3D-1-2048x2048.png 2048w, https:\/\/revista.edsonolimpio.com.br\/wordpress\/wp-content\/uploads\/2020\/08\/2C-CronicasEPontiagudas_140x210_-CAPA-3D-1-1200x1200.png 1200w, https:\/\/revista.edsonolimpio.com.br\/wordpress\/wp-content\/uploads\/2020\/08\/2C-CronicasEPontiagudas_140x210_-CAPA-3D-1-1980x1980.png 1980w\" sizes=\"(max-width: 580px) 100vw, 580px\"><\/p>\n<p><em>Livro!<\/em><\/p>\n<p><em>Meu Nome \u00e9 Livro.<\/em><\/p>\n<p><em>Sou um Mensageiro de Luz,&nbsp;do Amor e da Alma&nbsp;do meu Criador.<\/em><\/p>\n<p><em>Cuide-me! Proteja-me!<\/em><\/p>\n<p><em>Jamais me abandone numa&nbsp;gaveta ou estante.<\/em><\/p>\n<p><em>Permita-me conviver com&nbsp;outras pessoas em minha<\/em><\/p>\n<p><em>jornada no Universo.<\/em><\/p>\n<p><em>\u00c9 uma Felicidade estar contigo,&nbsp;mas sigamos nossos caminhos.<\/em><\/p>\n<h3>TRINITY!<br \/>\nA Saga continua.<\/h3>\n<p><img decoding=\"async\" loading=\"lazy\" width=\"580\" height=\"580\" src=\"http:\/\/revista.edsonolimpio.com.br\/wordpress\/wp-content\/uploads\/2020\/08\/3B-TRINITY-160x230_-CAPA-EM-3D-1024x1024.png\" alt=\"\" srcset=\"https:\/\/revista.edsonolimpio.com.br\/wordpress\/wp-content\/uploads\/2020\/08\/3B-TRINITY-160x230_-CAPA-EM-3D-1024x1024.png 1024w, https:\/\/revista.edsonolimpio.com.br\/wordpress\/wp-content\/uploads\/2020\/08\/3B-TRINITY-160x230_-CAPA-EM-3D-300x300.png 300w, https:\/\/revista.edsonolimpio.com.br\/wordpress\/wp-content\/uploads\/2020\/08\/3B-TRINITY-160x230_-CAPA-EM-3D-150x150.png 150w, https:\/\/revista.edsonolimpio.com.br\/wordpress\/wp-content\/uploads\/2020\/08\/3B-TRINITY-160x230_-CAPA-EM-3D-768x768.png 768w, https:\/\/revista.edsonolimpio.com.br\/wordpress\/wp-content\/uploads\/2020\/08\/3B-TRINITY-160x230_-CAPA-EM-3D-1536x1536.png 1536w, https:\/\/revista.edsonolimpio.com.br\/wordpress\/wp-content\/uploads\/2020\/08\/3B-TRINITY-160x230_-CAPA-EM-3D-2048x2048.png 2048w, https:\/\/revista.edsonolimpio.com.br\/wordpress\/wp-content\/uploads\/2020\/08\/3B-TRINITY-160x230_-CAPA-EM-3D-1200x1200.png 1200w, https:\/\/revista.edsonolimpio.com.br\/wordpress\/wp-content\/uploads\/2020\/08\/3B-TRINITY-160x230_-CAPA-EM-3D-1980x1980.png 1980w\" sizes=\"(max-width: 580px) 100vw, 580px\"><\/p>\n<p><em>Ol\u00e1! Meu nome \u00e9 Trinity &#8211; a Trindade! <\/em><\/p>\n<p><em>Sou o irm\u00e3o mais jovem <\/em><em>e o mensageiro vivo do Amor e da Alma do meu Criador. <\/em><em>Permita-me abrir minhas capas e estender as minhas p\u00e1ginas <\/em><em>para abra\u00e7\u00e1-lo e encant\u00e1-lo. Essa \u00e9 a minha miss\u00e3o e a minha <\/em><em>jornada. <\/em><\/p>\n<p><em>Fui gestado no ventre de Cr\u00f4nicas &amp; Agudas &#8211; livros, <\/em><em>jornal e internet. Cuide-me! Jamais me esque\u00e7a numa gaveta <\/em><em>ou estante. <\/em><\/p>\n<p><em>Permita-me conviver e Amar outras pessoas.<\/em><br \/>\n<em>\u00c9 uma Honra e uma Felicidade estar contigo!<\/em><\/p>\n<h3>Dr. Edson Olimpio Silva de Oliveira<br \/>\nM\u00e9dico. Cirurgi\u00e3o. Escritor.<\/h3>\n<p><img decoding=\"async\" src=\"https:\/\/revista.edsonolimpio.com.br\/wordpress\/wp-content\/plugins\/elementor\/assets\/images\/placeholder.png\" title=\"\" alt=\"\"><br \/>\n<img decoding=\"async\" loading=\"lazy\" width=\"580\" height=\"580\" src=\"http:\/\/revista.edsonolimpio.com.br\/wordpress\/wp-content\/uploads\/2020\/08\/2020-Edson-Ga\u00facho-1024x1024.png\" alt=\"\" srcset=\"https:\/\/revista.edsonolimpio.com.br\/wordpress\/wp-content\/uploads\/2020\/08\/2020-Edson-Ga\u00facho-1024x1024.png 1024w, https:\/\/revista.edsonolimpio.com.br\/wordpress\/wp-content\/uploads\/2020\/08\/2020-Edson-Ga\u00facho-300x300.png 300w, https:\/\/revista.edsonolimpio.com.br\/wordpress\/wp-content\/uploads\/2020\/08\/2020-Edson-Ga\u00facho-150x150.png 150w, https:\/\/revista.edsonolimpio.com.br\/wordpress\/wp-content\/uploads\/2020\/08\/2020-Edson-Ga\u00facho-768x768.png 768w, https:\/\/revista.edsonolimpio.com.br\/wordpress\/wp-content\/uploads\/2020\/08\/2020-Edson-Ga\u00facho.png 1184w\" sizes=\"(max-width: 580px) 100vw, 580px\"><\/p>\n","protected":false},"excerpt":{"rendered":"<p>CR\u00d4NICAS &amp; AGUDAS! Facebook-f Twitter Google-plus-g Envelope Cr\u00f4nicas. Contos. Lendas. Colunas de Jornal. Imagens. S\u00e9ries. Cr\u00f4nicas &amp; PontiAgudas! Livro! Meu Nome \u00e9 Livro. Sou um Mensageiro de Luz,&nbsp;do Amor e da Alma&nbsp;do meu Criador. Cuide-me! Proteja-me! Jamais me abandone numa&nbsp;gaveta ou estante. Permita-me conviver com&nbsp;outras pessoas em minha jornada no Universo. \u00c9 uma Felicidade estar [&hellip;]<\/p>\n","protected":false},"author":1,"featured_media":0,"parent":0,"menu_order":0,"comment_status":"closed","ping_status":"closed","template":"","meta":[],"_links":{"self":[{"href":"https:\/\/revista.edsonolimpio.com.br\/wordpress\/index.php\/wp-json\/wp\/v2\/pages\/276"}],"collection":[{"href":"https:\/\/revista.edsonolimpio.com.br\/wordpress\/index.php\/wp-json\/wp\/v2\/pages"}],"about":[{"href":"https:\/\/revista.edsonolimpio.com.br\/wordpress\/index.php\/wp-json\/wp\/v2\/types\/page"}],"author":[{"embeddable":true,"href":"https:\/\/revista.edsonolimpio.com.br\/wordpress\/index.php\/wp-json\/wp\/v2\/users\/1"}],"replies":[{"embeddable":true,"href":"https:\/\/revista.edsonolimpio.com.br\/wordpress\/index.php\/wp-json\/wp\/v2\/comments?post=276"}],"version-history":[{"count":4,"href":"https:\/\/revista.edsonolimpio.com.br\/wordpress\/index.php\/wp-json\/wp\/v2\/pages\/276\/revisions"}],"predecessor-version":[{"id":293,"href":"https:\/\/revista.edsonolimpio.com.br\/wordpress\/index.php\/wp-json\/wp\/v2\/pages\/276\/revisions\/293"}],"wp:attachment":[{"href":"https:\/\/revista.edsonolimpio.com.br\/wordpress\/index.php\/wp-json\/wp\/v2\/media?parent=276"}],"curies":[{"name":"wp","href":"https:\/\/api.w.org\/{rel}","templated":true}]}}